[INFO] cloning repository https://github.com/b42thomas/black-jack-rust
[INFO] running `Command { std: "git" "-c" "credential.helper=" "-c" "credential.helper=/workspace/cargo-home/bin/git-credential-null" "clone" "--bare" "https://github.com/b42thomas/black-jack-rust" "/workspace/cache/git-repos/https%3A%2F%2Fgithub.com%2Fb42thomas%2Fblack-jack-rust", kill_on_drop: false }`
[INFO] [stderr] Cloning into bare repository '/workspace/cache/git-repos/https%3A%2F%2Fgithub.com%2Fb42thomas%2Fblack-jack-rust'...
[INFO] running `Command { std: "git" "rev-parse" "HEAD", kill_on_drop: false }`
[INFO] [stdout] d3499042450f076302d484ff494928814ff6638a
[INFO] checking b42thomas/black-jack-rust against master#9610dfe5a9a731ced1ea4923ecbd0c57fe367898 for beta-170-4
[INFO] running `Command { std: "git" "clone" "/workspace/cache/git-repos/https%3A%2F%2Fgithub.com%2Fb42thomas%2Fblack-jack-rust" "/workspace/builds/worker-2-tc1/source", kill_on_drop: false }`
[INFO] [stderr] Cloning into '/workspace/builds/worker-2-tc1/source'...
[INFO] [stderr] done.
[INFO] validating manifest of git repo https://github.com/b42thomas/black-jack-rust on toolchain 9610dfe5a9a731ced1ea4923ecbd0c57fe367898
[INFO] running `Command { std: CARGO_HOME="/workspace/cargo-home" RUSTUP_HOME="/workspace/rustup-home" "/workspace/cargo-home/bin/cargo" "+9610dfe5a9a731ced1ea4923ecbd0c57fe367898" "metadata" "--manifest-path" "Cargo.toml" "--no-deps", kill_on_drop: false }`
[INFO] started tweaking git repo https://github.com/b42thomas/black-jack-rust
[INFO] finished tweaking git repo https://github.com/b42thomas/black-jack-rust
[INFO] tweaked toml for git repo https://github.com/b42thomas/black-jack-rust written to /workspace/builds/worker-2-tc1/source/Cargo.toml
[INFO] crate git repo https://github.com/b42thomas/black-jack-rust already has a lockfile, it will not be regenerated
[INFO] running `Command { std: CARGO_HOME="/workspace/cargo-home" RUSTUP_HOME="/workspace/rustup-home" "/workspace/cargo-home/bin/cargo" "+9610dfe5a9a731ced1ea4923ecbd0c57fe367898" "fetch" "--manifest-path" "Cargo.toml", kill_on_drop: false }`
[INFO] running `Command { std: "docker" "create" "-v" "/var/lib/crater-agent-workspace/builds/worker-2-tc1/target:/opt/rustwide/target:rw,Z" "-v" "/var/lib/crater-agent-workspace/builds/worker-2-tc1/source:/opt/rustwide/workdir:ro,Z" "-v" "/var/lib/crater-agent-workspace/cargo-home:/opt/rustwide/cargo-home:ro,Z" "-v" "/var/lib/crater-agent-workspace/rustup-home:/opt/rustwide/rustup-home:ro,Z" "-e" "SOURCE_DIR=/opt/rustwide/workdir" "-e" "CARGO_TARGET_DIR=/opt/rustwide/target" "-e" "CARGO_HOME=/opt/rustwide/cargo-home" "-e" "RUSTUP_HOME=/opt/rustwide/rustup-home" "-w" "/opt/rustwide/workdir" "-m" "1610612736" "--user" "0:0" "--network" "none" "ghcr.io/rust-lang/crates-build-env/linux@sha256:19e73879b68f455e41552ea35293514db52ea292d993f571636dbffedb77a1ee" "/opt/rustwide/cargo-home/bin/cargo" "+9610dfe5a9a731ced1ea4923ecbd0c57fe367898" "metadata" "--no-deps" "--format-version=1", kill_on_drop: false }`
[INFO] [stdout] 21e408cdd41a1cdb8f4213e91e50b2cbbaff31a6fe18670e30862f723f14e515
[INFO] running `Command { std: "docker" "start" "-a" "21e408cdd41a1cdb8f4213e91e50b2cbbaff31a6fe18670e30862f723f14e515", kill_on_drop: false }`
[INFO] running `Command { std: "docker" "inspect" "21e408cdd41a1cdb8f4213e91e50b2cbbaff31a6fe18670e30862f723f14e515", kill_on_drop: false }`
[INFO] running `Command { std: "docker" "rm" "-f" "21e408cdd41a1cdb8f4213e91e50b2cbbaff31a6fe18670e30862f723f14e515", kill_on_drop: false }`
[INFO] [stdout] 21e408cdd41a1cdb8f4213e91e50b2cbbaff31a6fe18670e30862f723f14e515
[INFO] running `Command { std: "docker" "create" "-v" "/var/lib/crater-agent-workspace/builds/worker-2-tc1/target:/opt/rustwide/target:rw,Z" "-v" "/var/lib/crater-agent-workspace/builds/worker-2-tc1/source:/opt/rustwide/workdir:ro,Z" "-v" "/var/lib/crater-agent-workspace/cargo-home:/opt/rustwide/cargo-home:ro,Z" "-v" "/var/lib/crater-agent-workspace/rustup-home:/opt/rustwide/rustup-home:ro,Z" "-e" "SOURCE_DIR=/opt/rustwide/workdir" "-e" "CARGO_TARGET_DIR=/opt/rustwide/target" "-e" "CARGO_INCREMENTAL=0" "-e" "RUST_BACKTRACE=full" "-e" "RUSTFLAGS=--cap-lints=forbid" "-e" "RUSTDOCFLAGS=--cap-lints=forbid" "-e" "CARGO_HOME=/opt/rustwide/cargo-home" "-e" "RUSTUP_HOME=/opt/rustwide/rustup-home" "-w" "/opt/rustwide/workdir" "-m" "1610612736" "--user" "0:0" "--network" "none" "ghcr.io/rust-lang/crates-build-env/linux@sha256:19e73879b68f455e41552ea35293514db52ea292d993f571636dbffedb77a1ee" "/opt/rustwide/cargo-home/bin/cargo" "+9610dfe5a9a731ced1ea4923ecbd0c57fe367898" "check" "--frozen" "--all" "--all-targets" "--message-format=json", kill_on_drop: false }`
[INFO] [stdout] 5d4f8aa89361a8952afce7bdcd4cf8efb5e04a2becb3a72e98de045006c76b29
[INFO] running `Command { std: "docker" "start" "-a" "5d4f8aa89361a8952afce7bdcd4cf8efb5e04a2becb3a72e98de045006c76b29", kill_on_drop: false }`
[INFO] [stderr]    Compiling libc v0.2.112
[INFO] [stderr]     Checking ppv-lite86 v0.2.16
[INFO] [stderr]     Checking getrandom v0.2.3
[INFO] [stderr]     Checking rand_core v0.6.3
[INFO] [stderr]     Checking rand_chacha v0.3.1
[INFO] [stderr]     Checking rand v0.8.4
[INFO] [stderr]     Checking one-dollar-bill-black-jack v0.1.0 (/opt/rustwide/workdir)
[INFO] [stdout] error[E0433]: failed to resolve: use of undeclared type `Card`
[INFO] [stdout]   --> src/card/card.rs:44:23
[INFO] [stdout]    |
[INFO] [stdout] 44 |         let mut card_pack = Card::card_pack();
[INFO] [stdout]    |                             ^^^^ use of undeclared type `Card`
[INFO] [stdout]    |
[INFO] [stdout] help: consider importing this struct
[INFO] [stdout]    |
[INFO] [stdout] 42 +     use crate::card::card::Card;
[INFO] [stdout]    |
[INFO] [stdout] 
[INFO] [stdout] 
[INFO] [stdout] error[E0422]: cannot find struct, variant or union type `Card` in this scope
[INFO] [stdout]   --> src/card/card.rs:48:7
[INFO] [stdout]    |
[INFO] [stdout] 48 |             == Card {
[INFO] [stdout]    |                ^^^^ not found in this scope
[INFO] [stdout]    |
[INFO] [stdout] help: consider importing this struct
[INFO] [stdout]    |
[INFO] [stdout] 42 +     use crate::card::card::Card;
[INFO] [stdout]    |
[INFO] [stdout] 
[INFO] [stdout] 
[INFO] [stdout] error[E0433]: failed to resolve: use of undeclared type `Rank`
[INFO] [stdout]   --> src/card/card.rs:49:11
[INFO] [stdout]    |
[INFO] [stdout] 49 |                 rank: Rank::Ace,
[INFO] [stdout]    |                       ^^^^ use of undeclared type `Rank`
[INFO] [stdout]    |
[INFO] [stdout] help: consider importing this enum
[INFO] [stdout]    |
[INFO] [stdout] 42 +     use crate::card::card::Rank;
[INFO] [stdout]    |
[INFO] [stdout] 
[INFO] [stdout] 
[INFO] [stdout] error[E0433]: failed to resolve: use of undeclared type `Suit`
[INFO] [stdout]   --> src/card/card.rs:50:11
[INFO] [stdout]    |
[INFO] [stdout] 50 |                 suit: Suit::Clubs
[INFO] [stdout]    |                       ^^^^ use of undeclared type `Suit`
[INFO] [stdout]    |
[INFO] [stdout] help: consider importing this enum
[INFO] [stdout]    |
[INFO] [stdout] 42 +     use crate::card::card::Suit;
[INFO] [stdout]    |
[INFO] [stdout] 
[INFO] [stdout] 
[INFO] [stdout] error[E0422]: cannot find struct, variant or union type `Card` in this scope
[INFO] [stdout]   --> src/card/card.rs:61:17
[INFO] [stdout]    |
[INFO] [stdout] 61 |                 Card {
[INFO] [stdout]    |                 ^^^^ not found in this scope
[INFO] [stdout]    |
[INFO] [stdout] help: consider importing this struct
[INFO] [stdout]    |
[INFO] [stdout] 42 +     use crate::card::card::Card;
[INFO] [stdout]    |
[INFO] [stdout] 
[INFO] [stdout] 
[INFO] [stdout] error[E0433]: failed to resolve: use of undeclared type `Rank`
[INFO] [stdout]   --> src/card/card.rs:62:27
[INFO] [stdout]    |
[INFO] [stdout] 62 |                     rank: Rank::Nine,
[INFO] [stdout]    |                           ^^^^ use of undeclared type `Rank`
[INFO] [stdout]    |
[INFO] [stdout] help: consider importing this enum
[INFO] [stdout]    |
[INFO] [stdout] 42 +     use crate::card::card::Rank;
[INFO] [stdout]    |
[INFO] [stdout] 
[INFO] [stdout] 
[INFO] [stdout] error[E0433]: failed to resolve: use of undeclared type `Suit`
[INFO] [stdout]   --> src/card/card.rs:63:27
[INFO] [stdout]    |
[INFO] [stdout] 63 |                     suit: Suit::Clubs
[INFO] [stdout]    |                           ^^^^ use of undeclared type `Suit`
[INFO] [stdout]    |
[INFO] [stdout] help: consider importing this enum
[INFO] [stdout]    |
[INFO] [stdout] 42 +     use crate::card::card::Suit;
[INFO] [stdout]    |
[INFO] [stdout] 
[INFO] [stdout] 
[INFO] [stdout] warning: variable does not need to be mutable
[INFO] [stdout]   --> src/main.rs:19:6
[INFO] [stdout]    |
[INFO] [stdout] 19 |     let mut card_deck: Vec<card::card::Card> = card::card::Card::card_pack();
[INFO] [stdout]    |         ----^^^^^^^^^
[INFO] [stdout]    |         |
[INFO] [stdout]    |         help: remove this `mut`
[INFO] [stdout]    |
[INFO] [stdout]    = note: `#[warn(unused_mut)]` on by default
[INFO] [stdout] 
[INFO] [stdout] 
[INFO] [stdout] warning: 1 warning emitted
[INFO] [stdout] 
[INFO] [stdout] 
[INFO] [stdout] error: aborting due to 7 previous errors
[INFO] [stdout] 
[INFO] [stdout] 
[INFO] [stdout] Some errors have detailed explanations: E0422, E0433.
[INFO] [stdout] 
[INFO] [stdout] For more information about an error, try `rustc --explain E0422`.
[INFO] [stdout] 
[INFO] [stderr] error: could not compile `one-dollar-bill-black-jack` (bin "one-dollar-bill-black-jack" test) due to 8 previous errors
[INFO] running `Command { std: "docker" "inspect" "5d4f8aa89361a8952afce7bdcd4cf8efb5e04a2becb3a72e98de045006c76b29", kill_on_drop: false }`
[INFO] running `Command { std: "docker" "rm" "-f" "5d4f8aa89361a8952afce7bdcd4cf8efb5e04a2becb3a72e98de045006c76b29", kill_on_drop: false }`
[INFO] [stdout] 5d4f8aa89361a8952afce7bdcd4cf8efb5e04a2becb3a72e98de045006c76b29
